 a multiple of 3?
True
Does 24 divide 39168?
True
Does 13 divide 1267?
False
Is 3167 a multiple of 5?
False
Is 549 a multiple of 9?
True
Does 76 divide 1711?
False
Is 47 a factor of 5204?
False
Is 30925 a multiple of 37?
False
Is 151 a factor of 11929?
True
Does 168 divide 10530?
False
Is 20 a factor of 3041?
False
Is 38 a factor of 1672?
True
Is 247 a multiple of 13?
True
Is 11 a factor of 70741?
True
Is 21983 a multiple of 32?
False
Does 118 divide 6091?
False
Does 25 divide 21988?
False
Is 518 a multiple of 16?
False
Is 37 a factor of 28130?
False
Does 10 divide 810?
True
Is 43 a factor of 5988?
False
Is 19 a factor of 845?
False
Does 17 divide 35190?
True
Is 16024 a multiple of 62?
False
Is 17 a factor of 661?
False
Is 75 a factor of 2475?
True
Is 13 a factor of 78?
True
Is 947 a multiple of 19?
False
Is 1391 a multiple of 13?
True
Does 29 divide 14648?
False
Does 3 divide 333?
True
Is 26273 a multiple of 13?
True
Is 3 a factor of 2831?
False
Is 3 a factor of 108?
True
Does 26 divide 2379?
False
Is 173 a factor of 19709?
False
Does 19 divide 82427?
False
Is 3994 a multiple of 26?
False
Is 462 a factor of 98756?
False
Is 11 a factor of 12727?
True
Does 154 divide 2618?
True
Is 3 a factor of 11166?
True
Does 6 divide 21954?
True
Is 104 a factor of 59021?
False
Is 51 a factor of 51?
True
Is 537 a multiple of 3?
True
Is 1690 a multiple of 7?
False
Is 9 a factor of 2241?
True
Does 3 divide 187?
False
Does 224 divide 28672?
True
Is 38 a factor of 9766?
True
Is 694 a multiple of 24?
False
Does 70 divide 15470?
True
Is 45 a factor of 1935?
True
Is 6 a factor of 10371?
False
Is 12964 a multiple of 28?
True
Does 2 divide 1676?
True
Is 960 a multiple of 5?
True
Does 8 divide 9108?
False
Does 8 divide 2802?
False
Is 1128 a multiple of 10?
False
Is 71 a factor of 73?
False
Does 28 divide 8988?
True
Does 82 divide 55475?
False
Does 12 divide 3244?
False
Is 49 a factor of 833?
True
Is 3666 a multiple of 26?
True
Does 38 divide 769?
False
Is 25 a factor of 36925?
True
Does 24 divide 37270?
False
Does 9 divide 338?
False
Is 56 a multiple of 8?
True
Is 7500 a multiple of 15?
True
Is 71548 a multiple of 60?
False
Does 25 divide 144?
False
Does 3 divide 5?
False
Is 26 a factor of 1454?
False
Is 8379 a multiple of 2?
False
Is 4846 a multiple of 28?
False
Does 60 divide 1277?
False
Does 5 divide 3605?
True
Is 46634 a multiple of 78?
False
Is 19 a factor of 12882?
True
Does 16 divide 11289?
False
Is 55 a factor of 10890?
True
Is 50000 a multiple of 74?
False
Does 210 divide 80430?
True
Is 22 a factor of 571?
False
Is 6 a factor of 5748?
True
Is 16 a factor of 3024?
True
Is 32 a factor of 1760?
True
Does 7 divide 490?
True
Is 544 a multiple of 34?
True
Is 165303 a multiple of 21?
False
Does 115 divide 10580?
True
Is 1176 a multiple of 59?
False
Is 5 a factor of 2373?
False
Is 26448 a multiple of 116?
True
Is 5648 a multiple of 16?
True
Is 25305 a multiple of 21?
True
Does 143 divide 6948?
False
Does 11 divide 342?
False
Is 375 a multiple of 7?
False
Is 1487 a multiple of 67?
False
Does 8 divide 447?
False
Is 220 a multiple of 55?
True
Does 111 divide 6882?
True
Does 80 divide 2111?
False
Is 4 a factor of 425?
False
Does 11 divide 23040?
False
Does 51 divide 4672?
False
Does 34 divide 2554?
False
Is 43 a factor of 18518?
False
Does 12 divide 673?
False
Does 3 divide 454?
False
Is 7 a factor of 1505?
True
Does 24 divide 1056?
True
Is 3 a factor of 12?
True
Is 33 a factor of 792?
True
Does 33 divide 6221?
False
Does 8 divide 576?
True
Is 145 a factor of 20138?
False
Does 20 divide 7032?
False
Is 192 a factor of 73920?
True
Is 29 a factor of 3012?
False
Is 606 a multiple of 3?
True
Is 588 a multiple of 28?
True
Does 16 divide 352?
True
Is 67570 a multiple of 37?
False
Is 6 a factor of 1278?
True
Is 8393 a multiple of 8?
False
Does 14 divide 12992?
True
Does 13 divide 33509?
False
Is 65 a factor of 409?
False
Does 7 divide 48?
False
Is 23 a factor of 1649?
False
Does 40 divide 360?
True
Does 15 divide 1710?
True
Does 48 divide 768?
True
Is 104 a multiple of 26?
True
Does 19 divide 2486?
False
Is 26715 a multiple of 39?
True
Is 5106 a multiple of 138?
True
Is 5040 a multiple of 15?
True
Does 209 divide 3135?
True
Is 25 a factor of 7525?
True
Is 84 a factor of 7604?
False
Is 22735 a multiple of 97?
False
Is 15 a factor of 7995?
True
Is 22051 a multiple of 230?
False
Does 7 divide 217?
True
Is 5050 a multiple of 5?
True
Is 6 a factor of 516?
True
Is 161600 a multiple of 8?
True
Is 29 a factor of 8837?
False
Does 11 divide 910?
False
Does 11 divide 8833?
True
Does 108 divide 24396?
False
Is 30 even?
True
Is 24090 a multiple of 22?
True
Is 1344 a multiple of 14?
True
Is 10 a factor of 90?
True
Does 30 divide 5554?
False
Is 20 a factor of 50361?
False
Is 2171 a multiple of 69?
False
Is 1148 a multiple of 28?
True
Is 123 a factor of 2252?
False
Does 12 divide 456?
True
Is 49 a factor of 3773?
True
Is 184 a multiple of 11?
False
Does 12 divide 38808?
True
Is 10894 a multiple of 13?
True
Does 10 divide 3830?
True
Is 293 a factor of 9244?
False
Is 7 a factor of 1760?
False
Does 48 divide 3563?
False
Is 32 a factor of 3104?
True
Is 134693 a multiple of 200?
False
Does 18 divide 714?
False
Is 10425 a multiple of 15?
True
Does 10 divide 808?
False
Does 32 divide 588?
False
Is 885 a multiple of 33?
False
Is 30 a factor of 2280?
True
Is 6 a factor of 2766?
True
Is 81 a factor of 23591?
False
Is 29 a factor of 4820?
False
Is 239 even?
False
Does 9 divide 2565?
True
Is 272 a multiple of 17?
True
Is 95 a factor of 14060?
True
Does 8 divide 136?
True
Is 798 a multiple of 266?
True
Is 13 a factor of 33?
False
Is 4990 a multiple of 128?
False
Does 9 divide 911?
False
Does 19 divide 2370?
False
Does 14 divide 1501?
False
Is 1824 a multiple of 16?
True
Does 31 divide 1271?
True
Does 13 divide 2314?
True
Is 2 a factor of 3423?
False
Does 4 divide 228?
True
Is 150771 a multiple of 29?
True
Is 3005 a multiple of 9?
False
Does 14 divide 1846?
False
Is 702 a multiple of 54?
True
Is 58320 a multiple of 360?
True
Is 103 a factor of 8863?
False
Is 2352 a multiple of 17?
False
Does 71 divide 2402?
False
Does 3 divide 7134?
True
Is 3 a factor of 362?
False
Is 437 a multiple of 12?
False
Is 12 a factor of 12012?
True
Is 74 a factor of 4810?
True
Is 70 a factor of 2940?
True
Does 2 divide 1170?
True
Is 8 a factor of 5232?
True
Is 4025 a multiple of 161?
True
Does 173 divide 37511?
False
Is 9142 a multiple of 66?
False
Does 3 divide 41?
False
Is 171 a factor of 115425?
True
Is 37 a factor of 8466?
False
Is 35970 a multiple of 109?
True
Does 9 divide 747?
True
Is 2536 a multiple of 38?
False
Is 54 even?
True
Does 38 divide 25722?
False
Is 43 a factor of 2019?
False
Is 6 a factor of 9096?
True
Is 69 a factor of 17457?
True
Is 6 a factor of 1404?
True
Does 137 divide 8342?
False
Does 102 divide 17454?
False
Is 25 a factor of 725?
True
Does 47 divide 506?
False
Does 181 divide 37648?
True
Does 17 divide 14569?
True
Does 18 divide 3672?
True
Does 126 divide 16847?
False
Does 14 divide 34?
False
Is 58 a factor of 2738?
False
Does 6 divide 438?
True
Does 9 divide 171?
True
Is 26 a factor of 3315?
False
Does 29 divide 7714?
True
Is 160 a factor of 7520?
True
Is 62 a factor of 4890?
False
Is 18 a factor of 57?
False
Is 8 a factor of 101?
False
Does 20 divide 47900?
True
Does 62 divide 62?
True
Is 15 a multiple of 15?
True
Is 1192 a multiple of 45?
False
Is 13 a factor of 3403?
False
Does 10 divide 270?
True
Does 12 divide 3427?
False
Does 14 divide 1652?
True
Is 2 a factor of 502?
True
Does 17 divide 12070?
True
Is 115 a multiple of 32?
False
Is 518 a multiple of 14?
True
Is 125 a factor of 145793?
False
Does 101 divide 4328?
False
Is 41 a factor of 1989?
False
Is 94 a factor of 18879?
False
Is 5822 a multiple of 13?
False
Is 206 a factor of 10506?
True
Is 29 a factor of 4920?
False
Is 236 a factor of 11792?
False
Is 19 a factor of 13912?
False
Is 196 a factor of 35868?
True
Is 14 a factor of 25424?
True
Does 90 divide 18607?
False
Is 781 a multiple of 83?
False
Does 28 divide 193?
False
Does 24 divide 4389?
False
Is 126 a multiple of 18?
True
Is 102 a factor of 18054?
True
Is 3060 a multiple of 36?
True
Does 12 divide 237?
False
Is 297 a multiple of 25?
False
Does 2 divide 171?
False
Does 4 divide 176?
Tru